{"id":8,"date":"2021-03-23T15:27:22","date_gmt":"2021-03-23T15:27:22","guid":{"rendered":"https:\/\/sunahla.ch\/?page_id=8"},"modified":"2026-02-20T18:26:34","modified_gmt":"2026-02-20T17:26:34","slug":"supervision-oda-kt","status":"publish","type":"page","link":"https:\/\/www.sunahla.ch\/?page_id=8","title":{"rendered":"Supervision OdA KT"},"content":{"rendered":"<div class=\"wp-block-columns alignwide\">\r\n<div class=\"wp-block-column\">\r\n<div class=\"wp-block-group\">\r\n<div class=\"wp-block-group__inner-container\">\r\n<h1 class=\"wp-block-image alignfull size-full\"><a href=\"https:\/\/www.supervision-kt.ch\/\">Supervision Komplement\u00e4rtherapie OdA KT<\/a><\/h1>\r\n<figure class=\"wp-block-image alignfull size-full\">\r\n<figure id=\"attachment_37\" aria-describedby=\"caption-attachment-37\" style=\"width: 640px\" class=\"wp-caption alignnone\"><a href=\"https:\/\/www.supervision-kt.ch\/einzelsupervision\"><img loading=\"lazy\" decoding=\"async\" class=\"wp-image-37\" src=\"https:\/\/sunahla.ch\/wp-content\/uploads\/2021\/05\/11-Einzelsupervision.jpg\" alt=\"Einzelsupervision\" width=\"640\" height=\"426\" \/><\/a><figcaption id=\"caption-attachment-37\" class=\"wp-caption-text\">Einzelsupervision<\/figcaption><\/figure>\r\n<h3><a href=\"https:\/\/www.supervision-kt.ch\/einzelsupervision\">Einzelsupervision<\/a><\/h3>\r\n<p>Hier klicken<\/p>\r\n<\/figure>\r\n<\/div>\r\n<\/div>\r\n<\/div>\r\n<div class=\"wp-block-column\">\r\n<div class=\"wp-block-group\">\r\n<div class=\"wp-block-group__inner-container\">\r\n<figure class=\"wp-block-image alignfull size-full\">\r\n<figure id=\"attachment_37\" aria-describedby=\"caption-attachment-37\" style=\"width: 640px\" class=\"wp-caption alignnone\"><a href=\"https:\/\/www.supervision-kt.ch\/gruppensupervision\"><img loading=\"lazy\" decoding=\"async\" class=\"wp-image-37\" src=\"https:\/\/sunahla.ch\/wp-content\/uploads\/2021\/05\/12-Gruppensupervision.jpg\" alt=\"Supervision Komplement\u00e4rtherapie\" width=\"640\" height=\"426\" \/><\/a><figcaption id=\"caption-attachment-37\" class=\"wp-caption-text\">Gruppensupervision OdA KT<\/figcaption><\/figure>\r\n<h3><a href=\"https:\/\/www.supervision-kt.ch\/gruppensupervision\">Gruppensupervision<\/a><\/h3>\r\n<\/figure>\r\n<p><a href=\"https:\/\/www.oda-kt.ch\/fileadmin\/user_upload\/pdf\/D\/Reglemente\/251209_Reglement_supervidierte_komplementaertherapeutische_Berufspraxis_de.pdf\">Informationsblatt OdAKT Supervision-Pr\u00fcfungsvorbereitung<\/a><\/p>\r\n<figure class=\"wp-block-image alignfull size-full\"><span style=\"color: #ffffff;\">Bern Olten Basel<\/span><\/figure>\r\n<\/div>\r\n<\/div>\r\n<\/div>\r\n<\/div>\r\n\r\n<p>&nbsp;<\/p>\r\n","protected":false},"excerpt":{"rendered":"<p>Supervision Komplement\u00e4rtherapie OdA KT Einzelsupervision Hier klicken Gruppensupervision Informationsblatt OdAKT Supervision-Pr\u00fcfungsvorbereitung Bern Olten Basel &nbsp;<\/p>\n","protected":false},"author":1,"featured_media":0,"parent":0,"menu_order":0,"comment_status":"closed","ping_status":"closed","template":"","meta":{"footnotes":""},"class_list":["post-8","page","type-page","status-publish","hentry"],"yoast_head":"<!-- This site is optimized with the Yoast SEO plugin v27.4 - https:\/\/yoast.com\/product\/yoast-seo-wordpress\/ -->\n<title>Supervision OdA KT - Komplement\u00e4rtherapeutin HFP | Supervisorin | Coach<\/title>\n<meta name=\"description\" content=\"Supervision OdA KT Komplement\u00e4rtherapie Einzelsupervision Gruppensupervision Vorbereitung H\u00f6here Fachpr\u00fcfung\" \/>\n<meta name=\"robots\" content=\"index, follow, max-snippet:-1, max-image-preview:large, max-video-preview:-1\" \/>\n<link rel=\"canonical\" href=\"https:\/\/www.sunahla.ch\/?page_id=8\" \/>\n<meta property=\"og:locale\" content=\"de_DE\" \/>\n<meta property=\"og:type\" content=\"article\" \/>\n<meta property=\"og:title\" content=\"Supervision OdA KT - Komplement\u00e4rtherapeutin HFP | Supervisorin | Coach\" \/>\n<meta property=\"og:description\" content=\"Supervision OdA KT Komplement\u00e4rtherapie Einzelsupervision Gruppensupervision Vorbereitung H\u00f6here Fachpr\u00fcfung\" \/>\n<meta property=\"og:url\" content=\"https:\/\/www.sunahla.ch\/?page_id=8\" \/>\n<meta property=\"og:site_name\" content=\"Komplement\u00e4rtherapeutin HFP | Supervisorin | Coach\" \/>\n<meta property=\"article:modified_time\" content=\"2026-02-20T17:26:34+00:00\" \/>\n<meta name=\"twitter:card\" content=\"summary_large_image\" \/>\n<meta name=\"twitter:label1\" content=\"Gesch\u00e4tzte Lesezeit\" \/>\n\t<meta name=\"twitter:data1\" content=\"1\u00a0Minute\" \/>\n<script type=\"application\/ld+json\" class=\"yoast-schema-graph\">{\"@context\":\"https:\\\/\\\/schema.org\",\"@graph\":[{\"@type\":\"WebPage\",\"@id\":\"https:\\\/\\\/www.sunahla.ch\\\/?page_id=8\",\"url\":\"https:\\\/\\\/www.sunahla.ch\\\/?page_id=8\",\"name\":\"Supervision OdA KT - Komplement\u00e4rtherapeutin HFP | Supervisorin | Coach\",\"isPartOf\":{\"@id\":\"https:\\\/\\\/www.sunahla.ch\\\/#website\"},\"primaryImageOfPage\":{\"@id\":\"https:\\\/\\\/www.sunahla.ch\\\/?page_id=8#primaryimage\"},\"image\":{\"@id\":\"https:\\\/\\\/www.sunahla.ch\\\/?page_id=8#primaryimage\"},\"thumbnailUrl\":\"https:\\\/\\\/sunahla.ch\\\/wp-content\\\/uploads\\\/2021\\\/05\\\/11-Einzelsupervision.jpg\",\"datePublished\":\"2021-03-23T15:27:22+00:00\",\"dateModified\":\"2026-02-20T17:26:34+00:00\",\"description\":\"Supervision OdA KT Komplement\u00e4rtherapie Einzelsupervision Gruppensupervision Vorbereitung H\u00f6here Fachpr\u00fcfung\",\"breadcrumb\":{\"@id\":\"https:\\\/\\\/www.sunahla.ch\\\/?page_id=8#breadcrumb\"},\"inLanguage\":\"de-CH\",\"potentialAction\":[{\"@type\":\"ReadAction\",\"target\":[\"https:\\\/\\\/www.sunahla.ch\\\/?page_id=8\"]}]},{\"@type\":\"ImageObject\",\"inLanguage\":\"de-CH\",\"@id\":\"https:\\\/\\\/www.sunahla.ch\\\/?page_id=8#primaryimage\",\"url\":\"https:\\\/\\\/sunahla.ch\\\/wp-content\\\/uploads\\\/2021\\\/05\\\/11-Einzelsupervision.jpg\",\"contentUrl\":\"https:\\\/\\\/sunahla.ch\\\/wp-content\\\/uploads\\\/2021\\\/05\\\/11-Einzelsupervision.jpg\"},{\"@type\":\"BreadcrumbList\",\"@id\":\"https:\\\/\\\/www.sunahla.ch\\\/?page_id=8#breadcrumb\",\"itemListElement\":[{\"@type\":\"ListItem\",\"position\":1,\"name\":\"Home\",\"item\":\"https:\\\/\\\/www.sunahla.ch\\\/\"},{\"@type\":\"ListItem\",\"position\":2,\"name\":\"Supervision OdA KT\"}]},{\"@type\":\"WebSite\",\"@id\":\"https:\\\/\\\/www.sunahla.ch\\\/#website\",\"url\":\"https:\\\/\\\/www.sunahla.ch\\\/\",\"name\":\"Komplement\u00e4rtherapeutin HFP | Supervisorin | Coach\",\"description\":\"Sunahla Nicole Sthioul | Komplement\u00e4rtherapeutin HFP | Supervisorin | Coach\",\"publisher\":{\"@id\":\"https:\\\/\\\/www.sunahla.ch\\\/#organization\"},\"potentialAction\":[{\"@type\":\"SearchAction\",\"target\":{\"@type\":\"EntryPoint\",\"urlTemplate\":\"https:\\\/\\\/www.sunahla.ch\\\/?s={search_term_string}\"},\"query-input\":{\"@type\":\"PropertyValueSpecification\",\"valueRequired\":true,\"valueName\":\"search_term_string\"}}],\"inLanguage\":\"de-CH\"},{\"@type\":\"Organization\",\"@id\":\"https:\\\/\\\/www.sunahla.ch\\\/#organization\",\"name\":\"Komplement\u00e4rtherapeutin HFP | Supervisorin | Coach\",\"url\":\"https:\\\/\\\/www.sunahla.ch\\\/\",\"logo\":{\"@type\":\"ImageObject\",\"inLanguage\":\"de-CH\",\"@id\":\"https:\\\/\\\/www.sunahla.ch\\\/#\\\/schema\\\/logo\\\/image\\\/\",\"url\":\"https:\\\/\\\/www.sunahla.ch\\\/wp-content\\\/uploads\\\/2021\\\/03\\\/Logo.png\",\"contentUrl\":\"https:\\\/\\\/www.sunahla.ch\\\/wp-content\\\/uploads\\\/2021\\\/03\\\/Logo.png\",\"width\":80,\"height\":80,\"caption\":\"Komplement\u00e4rtherapeutin HFP | Supervisorin | Coach\"},\"image\":{\"@id\":\"https:\\\/\\\/www.sunahla.ch\\\/#\\\/schema\\\/logo\\\/image\\\/\"}}]}<\/script>\n<!-- \/ Yoast SEO plugin. -->","yoast_head_json":{"title":"Supervision OdA KT - Komplement\u00e4rtherapeutin HFP | Supervisorin | Coach","description":"Supervision OdA KT Komplement\u00e4rtherapie Einzelsupervision Gruppensupervision Vorbereitung H\u00f6here Fachpr\u00fcfung","robots":{"index":"index","follow":"follow","max-snippet":"max-snippet:-1","max-image-preview":"max-image-preview:large","max-video-preview":"max-video-preview:-1"},"canonical":"https:\/\/www.sunahla.ch\/?page_id=8","og_locale":"de_DE","og_type":"article","og_title":"Supervision OdA KT - Komplement\u00e4rtherapeutin HFP | Supervisorin | Coach","og_description":"Supervision OdA KT Komplement\u00e4rtherapie Einzelsupervision Gruppensupervision Vorbereitung H\u00f6here Fachpr\u00fcfung","og_url":"https:\/\/www.sunahla.ch\/?page_id=8","og_site_name":"Komplement\u00e4rtherapeutin HFP | Supervisorin | Coach","article_modified_time":"2026-02-20T17:26:34+00:00","twitter_card":"summary_large_image","twitter_misc":{"Gesch\u00e4tzte Lesezeit":"1\u00a0Minute"},"schema":{"@context":"https:\/\/schema.org","@graph":[{"@type":"WebPage","@id":"https:\/\/www.sunahla.ch\/?page_id=8","url":"https:\/\/www.sunahla.ch\/?page_id=8","name":"Supervision OdA KT - Komplement\u00e4rtherapeutin HFP | Supervisorin | Coach","isPartOf":{"@id":"https:\/\/www.sunahla.ch\/#website"},"primaryImageOfPage":{"@id":"https:\/\/www.sunahla.ch\/?page_id=8#primaryimage"},"image":{"@id":"https:\/\/www.sunahla.ch\/?page_id=8#primaryimage"},"thumbnailUrl":"https:\/\/sunahla.ch\/wp-content\/uploads\/2021\/05\/11-Einzelsupervision.jpg","datePublished":"2021-03-23T15:27:22+00:00","dateModified":"2026-02-20T17:26:34+00:00","description":"Supervision OdA KT Komplement\u00e4rtherapie Einzelsupervision Gruppensupervision Vorbereitung H\u00f6here Fachpr\u00fcfung","breadcrumb":{"@id":"https:\/\/www.sunahla.ch\/?page_id=8#breadcrumb"},"inLanguage":"de-CH","potentialAction":[{"@type":"ReadAction","target":["https:\/\/www.sunahla.ch\/?page_id=8"]}]},{"@type":"ImageObject","inLanguage":"de-CH","@id":"https:\/\/www.sunahla.ch\/?page_id=8#primaryimage","url":"https:\/\/sunahla.ch\/wp-content\/uploads\/2021\/05\/11-Einzelsupervision.jpg","contentUrl":"https:\/\/sunahla.ch\/wp-content\/uploads\/2021\/05\/11-Einzelsupervision.jpg"},{"@type":"BreadcrumbList","@id":"https:\/\/www.sunahla.ch\/?page_id=8#breadcrumb","itemListElement":[{"@type":"ListItem","position":1,"name":"Home","item":"https:\/\/www.sunahla.ch\/"},{"@type":"ListItem","position":2,"name":"Supervision OdA KT"}]},{"@type":"WebSite","@id":"https:\/\/www.sunahla.ch\/#website","url":"https:\/\/www.sunahla.ch\/","name":"Komplement\u00e4rtherapeutin HFP | Supervisorin | Coach","description":"Sunahla Nicole Sthioul | Komplement\u00e4rtherapeutin HFP | Supervisorin | Coach","publisher":{"@id":"https:\/\/www.sunahla.ch\/#organization"},"potentialAction":[{"@type":"SearchAction","target":{"@type":"EntryPoint","urlTemplate":"https:\/\/www.sunahla.ch\/?s={search_term_string}"},"query-input":{"@type":"PropertyValueSpecification","valueRequired":true,"valueName":"search_term_string"}}],"inLanguage":"de-CH"},{"@type":"Organization","@id":"https:\/\/www.sunahla.ch\/#organization","name":"Komplement\u00e4rtherapeutin HFP | Supervisorin | Coach","url":"https:\/\/www.sunahla.ch\/","logo":{"@type":"ImageObject","inLanguage":"de-CH","@id":"https:\/\/www.sunahla.ch\/#\/schema\/logo\/image\/","url":"https:\/\/www.sunahla.ch\/wp-content\/uploads\/2021\/03\/Logo.png","contentUrl":"https:\/\/www.sunahla.ch\/wp-content\/uploads\/2021\/03\/Logo.png","width":80,"height":80,"caption":"Komplement\u00e4rtherapeutin HFP | Supervisorin | Coach"},"image":{"@id":"https:\/\/www.sunahla.ch\/#\/schema\/logo\/image\/"}}]}},"_links":{"self":[{"href":"https:\/\/www.sunahla.ch\/index.php?rest_route=\/wp\/v2\/pages\/8","targetHints":{"allow":["GET"]}}],"collection":[{"href":"https:\/\/www.sunahla.ch\/index.php?rest_route=\/wp\/v2\/pages"}],"about":[{"href":"https:\/\/www.sunahla.ch\/index.php?rest_route=\/wp\/v2\/types\/page"}],"author":[{"embeddable":true,"href":"https:\/\/www.sunahla.ch\/index.php?rest_route=\/wp\/v2\/users\/1"}],"replies":[{"embeddable":true,"href":"https:\/\/www.sunahla.ch\/index.php?rest_route=%2Fwp%2Fv2%2Fcomments&post=8"}],"version-history":[{"count":52,"href":"https:\/\/www.sunahla.ch\/index.php?rest_route=\/wp\/v2\/pages\/8\/revisions"}],"predecessor-version":[{"id":1883,"href":"https:\/\/www.sunahla.ch\/index.php?rest_route=\/wp\/v2\/pages\/8\/revisions\/1883"}],"wp:attachment":[{"href":"https:\/\/www.sunahla.ch\/index.php?rest_route=%2Fwp%2Fv2%2Fmedia&parent=8"}],"curies":[{"name":"wp","href":"https:\/\/api.w.org\/{rel}","templated":true}]}}