{"id":463,"date":"2021-04-10T05:06:57","date_gmt":"2021-04-10T05:06:57","guid":{"rendered":"https:\/\/sunahla.ch\/?page_id=463"},"modified":"2025-03-23T13:00:33","modified_gmt":"2025-03-23T12:00:33","slug":"preise","status":"publish","type":"page","link":"https:\/\/www.sunahla.ch\/?page_id=463","title":{"rendered":"Preise"},"content":{"rendered":"\n<div class=\"wp-block-columns is-layout-flex wp-container-core-columns-is-layout-9d6595d7 wp-block-columns-is-layout-flex\">\n<div class=\"wp-block-column is-layout-flow wp-block-column-is-layout-flow\">\n<h5><strong>Einzelsitzungen<\/strong>:<\/h5>\n<p>Komplement\u00e4rtherapie Methode Polarity : Tarif 590\/ SFr. 12.50 pro 5 Minuten<\/p>\n<ul>\n<li>60 Minuten CHF. 150.-<\/li>\n<li>75 Minuten CHF. 187.50.-<\/li>\n<li>90 Minuten CHF. 225.-<\/li>\n<\/ul>\n<p>Wird von den meisten Krankenkassen im Rahmen der Zusatzversicherung f\u00fcr Alternativ-\/Komplement\u00e4rtherapie zu 75%-90% \u00fcbernommen. Bitte kl\u00e4ren Sie dies vorg\u00e4nging mit Ihrer Kasse ab.<\/p>\n<h5>Paarsitzungen:<\/h5>\n<ul>\n<li>90 Minuten = CHF. 250.-<\/li>\n<\/ul>\n<h5>Einzel Supervision:<\/h5>\n<ul>\n<li>60 Minuten = CHF 150.-<\/li>\n<li>90 Minuten = CHF 225.-<\/li>\n<\/ul>\n\n\n\n<p><strong>Sollte der Preis f\u00fcr Sie ein Problem sein, z\u00f6gern Sie bitte nicht, auf mich zu zukommen.<\/strong><\/p>\n<\/div>\n\n\n\n<div class=\"wp-block-column is-layout-flow wp-block-column-is-layout-flow\">\n<figure class=\"wp-block-image size-large\"><img loading=\"lazy\" decoding=\"async\" width=\"640\" height=\"426\" src=\"https:\/\/sunahla.ch\/wp-content\/uploads\/2021\/05\/43-Preise.jpg\" alt=\"\" class=\"wp-image-679\" srcset=\"https:\/\/www.sunahla.ch\/wp-content\/uploads\/2021\/05\/43-Preise.jpg 640w, https:\/\/www.sunahla.ch\/wp-content\/uploads\/2021\/05\/43-Preise-300x200.jpg 300w\" sizes=\"auto, (max-width: 640px) 100vw, 640px\" \/><\/figure>\n<\/div>\n<\/div>\n\n\n\n<div class=\"wp-block-columns is-layout-flex wp-container-core-columns-is-layout-9d6595d7 wp-block-columns-is-layout-flex\">\n<div class=\"wp-block-column is-layout-flow wp-block-column-is-layout-flow\" style=\"flex-basis:100%\">\n<p><strong>Bei Zulassung zur h\u00f6heren Fachpr\u00fcfung bekommen Sie 50% des bezahlten Preises auf vorbereitende Kurse wie Einzel- und Gruppensupervision sowie Gespr\u00e4chsf\u00fchrungskurse zur\u00fcckerstattet.<\/strong><\/p>\n<\/div>\n<\/div>\n\n\n\n<p><\/p>\n","protected":false},"excerpt":{"rendered":"<p>Einzelsitzungen: Komplement\u00e4rtherapie Methode Polarity : Tarif 590\/ SFr. 12.50 pro 5 Minuten 60 Minuten CHF. 150.- 75 Minuten CHF. 187.50.- 90 Minuten CHF. 225.- Wird von den meisten Krankenkassen im Rahmen der Zusatzversicherung f\u00fcr Alternativ-\/Komplement\u00e4rtherapie zu 75%-90% \u00fcbernommen. Bitte kl\u00e4ren Sie dies vorg\u00e4nging mit Ihrer Kasse ab. Paarsitzungen: 90 Minuten = CHF. 250.- Einzel Supervision: [&hellip;]<\/p>\n","protected":false},"author":1,"featured_media":0,"parent":0,"menu_order":0,"comment_status":"closed","ping_status":"closed","template":"","meta":{"footnotes":""},"class_list":["post-463","page","type-page","status-publish","hentry"],"yoast_head":"<!-- This site is optimized with the Yoast SEO plugin v27.4 - https:\/\/yoast.com\/product\/yoast-seo-wordpress\/ -->\n<title>Preise - Komplement\u00e4rtherapeutin HFP | Supervisorin | Coach<\/title>\n<meta name=\"description\" content=\"Psychologische Beratung Paarsitzungen Komplement\u00e4rtherapie Supervision Polarity preise Coaching Zusatzversicherung\" \/>\n<meta name=\"robots\" content=\"index, follow, max-snippet:-1, max-image-preview:large, max-video-preview:-1\" \/>\n<link rel=\"canonical\" href=\"https:\/\/www.sunahla.ch\/?page_id=463\" \/>\n<meta property=\"og:locale\" content=\"de_DE\" \/>\n<meta property=\"og:type\" content=\"article\" \/>\n<meta property=\"og:title\" content=\"Preise - Komplement\u00e4rtherapeutin HFP | Supervisorin | Coach\" \/>\n<meta property=\"og:description\" content=\"Psychologische Beratung Paarsitzungen Komplement\u00e4rtherapie Supervision Polarity preise Coaching Zusatzversicherung\" \/>\n<meta property=\"og:url\" content=\"https:\/\/www.sunahla.ch\/?page_id=463\" \/>\n<meta property=\"og:site_name\" content=\"Komplement\u00e4rtherapeutin HFP | Supervisorin | Coach\" \/>\n<meta property=\"article:modified_time\" content=\"2025-03-23T12:00:33+00:00\" \/>\n<meta property=\"og:image\" content=\"https:\/\/www.sunahla.ch\/wp-content\/uploads\/2021\/05\/43-Preise.jpg\" \/>\n\t<meta property=\"og:image:width\" content=\"640\" \/>\n\t<meta property=\"og:image:height\" content=\"426\" \/>\n\t<meta property=\"og:image:type\" content=\"image\/jpeg\" \/>\n<meta name=\"twitter:card\" content=\"summary_large_image\" \/>\n<meta name=\"twitter:label1\" content=\"Gesch\u00e4tzte Lesezeit\" \/>\n\t<meta name=\"twitter:data1\" content=\"1\u00a0Minute\" \/>\n<script type=\"application\/ld+json\" class=\"yoast-schema-graph\">{\"@context\":\"https:\\\/\\\/schema.org\",\"@graph\":[{\"@type\":\"WebPage\",\"@id\":\"https:\\\/\\\/www.sunahla.ch\\\/?page_id=463\",\"url\":\"https:\\\/\\\/www.sunahla.ch\\\/?page_id=463\",\"name\":\"Preise - Komplement\u00e4rtherapeutin HFP | Supervisorin | Coach\",\"isPartOf\":{\"@id\":\"https:\\\/\\\/www.sunahla.ch\\\/#website\"},\"primaryImageOfPage\":{\"@id\":\"https:\\\/\\\/www.sunahla.ch\\\/?page_id=463#primaryimage\"},\"image\":{\"@id\":\"https:\\\/\\\/www.sunahla.ch\\\/?page_id=463#primaryimage\"},\"thumbnailUrl\":\"https:\\\/\\\/sunahla.ch\\\/wp-content\\\/uploads\\\/2021\\\/05\\\/43-Preise.jpg\",\"datePublished\":\"2021-04-10T05:06:57+00:00\",\"dateModified\":\"2025-03-23T12:00:33+00:00\",\"description\":\"Psychologische Beratung Paarsitzungen Komplement\u00e4rtherapie Supervision Polarity preise Coaching Zusatzversicherung\",\"breadcrumb\":{\"@id\":\"https:\\\/\\\/www.sunahla.ch\\\/?page_id=463#breadcrumb\"},\"inLanguage\":\"de-CH\",\"potentialAction\":[{\"@type\":\"ReadAction\",\"target\":[\"https:\\\/\\\/www.sunahla.ch\\\/?page_id=463\"]}]},{\"@type\":\"ImageObject\",\"inLanguage\":\"de-CH\",\"@id\":\"https:\\\/\\\/www.sunahla.ch\\\/?page_id=463#primaryimage\",\"url\":\"https:\\\/\\\/sunahla.ch\\\/wp-content\\\/uploads\\\/2021\\\/05\\\/43-Preise.jpg\",\"contentUrl\":\"https:\\\/\\\/sunahla.ch\\\/wp-content\\\/uploads\\\/2021\\\/05\\\/43-Preise.jpg\"},{\"@type\":\"BreadcrumbList\",\"@id\":\"https:\\\/\\\/www.sunahla.ch\\\/?page_id=463#breadcrumb\",\"itemListElement\":[{\"@type\":\"ListItem\",\"position\":1,\"name\":\"Home\",\"item\":\"https:\\\/\\\/www.sunahla.ch\\\/\"},{\"@type\":\"ListItem\",\"position\":2,\"name\":\"Preise\"}]},{\"@type\":\"WebSite\",\"@id\":\"https:\\\/\\\/www.sunahla.ch\\\/#website\",\"url\":\"https:\\\/\\\/www.sunahla.ch\\\/\",\"name\":\"Komplement\u00e4rtherapeutin HFP | Supervisorin | Coach\",\"description\":\"Sunahla Nicole Sthioul | Komplement\u00e4rtherapeutin HFP | Supervisorin | Coach\",\"publisher\":{\"@id\":\"https:\\\/\\\/www.sunahla.ch\\\/#organization\"},\"potentialAction\":[{\"@type\":\"SearchAction\",\"target\":{\"@type\":\"EntryPoint\",\"urlTemplate\":\"https:\\\/\\\/www.sunahla.ch\\\/?s={search_term_string}\"},\"query-input\":{\"@type\":\"PropertyValueSpecification\",\"valueRequired\":true,\"valueName\":\"search_term_string\"}}],\"inLanguage\":\"de-CH\"},{\"@type\":\"Organization\",\"@id\":\"https:\\\/\\\/www.sunahla.ch\\\/#organization\",\"name\":\"Komplement\u00e4rtherapeutin HFP | Supervisorin | Coach\",\"url\":\"https:\\\/\\\/www.sunahla.ch\\\/\",\"logo\":{\"@type\":\"ImageObject\",\"inLanguage\":\"de-CH\",\"@id\":\"https:\\\/\\\/www.sunahla.ch\\\/#\\\/schema\\\/logo\\\/image\\\/\",\"url\":\"https:\\\/\\\/www.sunahla.ch\\\/wp-content\\\/uploads\\\/2021\\\/03\\\/Logo.png\",\"contentUrl\":\"https:\\\/\\\/www.sunahla.ch\\\/wp-content\\\/uploads\\\/2021\\\/03\\\/Logo.png\",\"width\":80,\"height\":80,\"caption\":\"Komplement\u00e4rtherapeutin HFP | Supervisorin | Coach\"},\"image\":{\"@id\":\"https:\\\/\\\/www.sunahla.ch\\\/#\\\/schema\\\/logo\\\/image\\\/\"}}]}<\/script>\n<!-- \/ Yoast SEO plugin. -->","yoast_head_json":{"title":"Preise - Komplement\u00e4rtherapeutin HFP | Supervisorin | Coach","description":"Psychologische Beratung Paarsitzungen Komplement\u00e4rtherapie Supervision Polarity preise Coaching Zusatzversicherung","robots":{"index":"index","follow":"follow","max-snippet":"max-snippet:-1","max-image-preview":"max-image-preview:large","max-video-preview":"max-video-preview:-1"},"canonical":"https:\/\/www.sunahla.ch\/?page_id=463","og_locale":"de_DE","og_type":"article","og_title":"Preise - Komplement\u00e4rtherapeutin HFP | Supervisorin | Coach","og_description":"Psychologische Beratung Paarsitzungen Komplement\u00e4rtherapie Supervision Polarity preise Coaching Zusatzversicherung","og_url":"https:\/\/www.sunahla.ch\/?page_id=463","og_site_name":"Komplement\u00e4rtherapeutin HFP | Supervisorin | Coach","article_modified_time":"2025-03-23T12:00:33+00:00","og_image":[{"width":640,"height":426,"url":"https:\/\/www.sunahla.ch\/wp-content\/uploads\/2021\/05\/43-Preise.jpg","type":"image\/jpeg"}],"twitter_card":"summary_large_image","twitter_misc":{"Gesch\u00e4tzte Lesezeit":"1\u00a0Minute"},"schema":{"@context":"https:\/\/schema.org","@graph":[{"@type":"WebPage","@id":"https:\/\/www.sunahla.ch\/?page_id=463","url":"https:\/\/www.sunahla.ch\/?page_id=463","name":"Preise - Komplement\u00e4rtherapeutin HFP | Supervisorin | Coach","isPartOf":{"@id":"https:\/\/www.sunahla.ch\/#website"},"primaryImageOfPage":{"@id":"https:\/\/www.sunahla.ch\/?page_id=463#primaryimage"},"image":{"@id":"https:\/\/www.sunahla.ch\/?page_id=463#primaryimage"},"thumbnailUrl":"https:\/\/sunahla.ch\/wp-content\/uploads\/2021\/05\/43-Preise.jpg","datePublished":"2021-04-10T05:06:57+00:00","dateModified":"2025-03-23T12:00:33+00:00","description":"Psychologische Beratung Paarsitzungen Komplement\u00e4rtherapie Supervision Polarity preise Coaching Zusatzversicherung","breadcrumb":{"@id":"https:\/\/www.sunahla.ch\/?page_id=463#breadcrumb"},"inLanguage":"de-CH","potentialAction":[{"@type":"ReadAction","target":["https:\/\/www.sunahla.ch\/?page_id=463"]}]},{"@type":"ImageObject","inLanguage":"de-CH","@id":"https:\/\/www.sunahla.ch\/?page_id=463#primaryimage","url":"https:\/\/sunahla.ch\/wp-content\/uploads\/2021\/05\/43-Preise.jpg","contentUrl":"https:\/\/sunahla.ch\/wp-content\/uploads\/2021\/05\/43-Preise.jpg"},{"@type":"BreadcrumbList","@id":"https:\/\/www.sunahla.ch\/?page_id=463#breadcrumb","itemListElement":[{"@type":"ListItem","position":1,"name":"Home","item":"https:\/\/www.sunahla.ch\/"},{"@type":"ListItem","position":2,"name":"Preise"}]},{"@type":"WebSite","@id":"https:\/\/www.sunahla.ch\/#website","url":"https:\/\/www.sunahla.ch\/","name":"Komplement\u00e4rtherapeutin HFP | Supervisorin | Coach","description":"Sunahla Nicole Sthioul | Komplement\u00e4rtherapeutin HFP | Supervisorin | Coach","publisher":{"@id":"https:\/\/www.sunahla.ch\/#organization"},"potentialAction":[{"@type":"SearchAction","target":{"@type":"EntryPoint","urlTemplate":"https:\/\/www.sunahla.ch\/?s={search_term_string}"},"query-input":{"@type":"PropertyValueSpecification","valueRequired":true,"valueName":"search_term_string"}}],"inLanguage":"de-CH"},{"@type":"Organization","@id":"https:\/\/www.sunahla.ch\/#organization","name":"Komplement\u00e4rtherapeutin HFP | Supervisorin | Coach","url":"https:\/\/www.sunahla.ch\/","logo":{"@type":"ImageObject","inLanguage":"de-CH","@id":"https:\/\/www.sunahla.ch\/#\/schema\/logo\/image\/","url":"https:\/\/www.sunahla.ch\/wp-content\/uploads\/2021\/03\/Logo.png","contentUrl":"https:\/\/www.sunahla.ch\/wp-content\/uploads\/2021\/03\/Logo.png","width":80,"height":80,"caption":"Komplement\u00e4rtherapeutin HFP | Supervisorin | Coach"},"image":{"@id":"https:\/\/www.sunahla.ch\/#\/schema\/logo\/image\/"}}]}},"_links":{"self":[{"href":"https:\/\/www.sunahla.ch\/index.php?rest_route=\/wp\/v2\/pages\/463","targetHints":{"allow":["GET"]}}],"collection":[{"href":"https:\/\/www.sunahla.ch\/index.php?rest_route=\/wp\/v2\/pages"}],"about":[{"href":"https:\/\/www.sunahla.ch\/index.php?rest_route=\/wp\/v2\/types\/page"}],"author":[{"embeddable":true,"href":"https:\/\/www.sunahla.ch\/index.php?rest_route=\/wp\/v2\/users\/1"}],"replies":[{"embeddable":true,"href":"https:\/\/www.sunahla.ch\/index.php?rest_route=%2Fwp%2Fv2%2Fcomments&post=463"}],"version-history":[{"count":13,"href":"https:\/\/www.sunahla.ch\/index.php?rest_route=\/wp\/v2\/pages\/463\/revisions"}],"predecessor-version":[{"id":1741,"href":"https:\/\/www.sunahla.ch\/index.php?rest_route=\/wp\/v2\/pages\/463\/revisions\/1741"}],"wp:attachment":[{"href":"https:\/\/www.sunahla.ch\/index.php?rest_route=%2Fwp%2Fv2%2Fmedia&parent=463"}],"curies":[{"name":"wp","href":"https:\/\/api.w.org\/{rel}","templated":true}]}}