{"id":459,"date":"2021-04-10T05:05:39","date_gmt":"2021-04-10T05:05:39","guid":{"rendered":"https:\/\/sunahla.ch\/?page_id=459"},"modified":"2025-05-22T23:09:25","modified_gmt":"2025-05-22T21:09:25","slug":"ueber-mich","status":"publish","type":"page","link":"https:\/\/www.sunahla.ch\/?page_id=459","title":{"rendered":"\u00dcber mich"},"content":{"rendered":"\n<div class=\"wp-block-columns is-layout-flex wp-container-core-columns-is-layout-9d6595d7 wp-block-columns-is-layout-flex\">\n<div class=\"wp-block-column is-layout-flow wp-block-column-is-layout-flow\" style=\"flex-basis:50%\">\n<p><strong>Komplement\u00e4rtherapeutin Methode Polarity<\/strong> mit eidgen\u00f6ssischem Diplom hfp \/EMR\/ PoVS<\/p>\n<p><strong>Supervisorin KT<\/strong><\/p>\n<p>Krankenkassen anerkannt (Komplement\u00e4rtherapie) seit 2002<\/p>\n<p>ZSR-Nummer: U 918761<\/p>\n<p>Ich bin 1965 in der Schweiz geboren, bin verheiratet, Mutter und Grosmutter. Seit dreissig Jahren begleite ich begeistert Menschen Einzeln, als Paar und in Gruppen auf ihrem Lebensweg zu verschiedenen Lebensthemen. Daf\u00fcr setzte ich das Gespr\u00e4ch und die K\u00f6rperenergiearbeit ein.<\/p>\n<p>Mit viel Freude begleite ich Komplement\u00e4rtherapeuten verschiedener Fachrichtungen in der Supervision auf ihrem Weg zur h\u00f6heren Fachpr\u00fcfung, in ihrer Ausbildung und in ihrem Berufsalltag.<\/p>\n<p>Zudem bin ich an verschiedenen Instituten als Dozentin engagiert.<\/p>\n<p>Sprachen: Deutsch und Englisch<\/p>\n\n\n\n<p>&nbsp;<\/p>\n<\/div>\n\n\n\n<div class=\"wp-block-column is-layout-flow wp-block-column-is-layout-flow\" style=\"flex-basis:50%\">\n<figure class=\"wp-block-image size-large\"><img loading=\"lazy\" decoding=\"async\" width=\"640\" height=\"426\" src=\"https:\/\/sunahla.ch\/wp-content\/uploads\/2021\/05\/41-Ueber-mich.jpg\" alt=\"\" class=\"wp-image-682\" srcset=\"https:\/\/www.sunahla.ch\/wp-content\/uploads\/2021\/05\/41-Ueber-mich.jpg 640w, https:\/\/www.sunahla.ch\/wp-content\/uploads\/2021\/05\/41-Ueber-mich-300x200.jpg 300w\" sizes=\"auto, (max-width: 640px) 100vw, 640px\" \/><figcaption class=\"wp-element-caption\"><em>Sunahla Nicole Sthioul, Komplement\u00e4rtherapeutin &#038; Supervisorin<\/em><\/figcaption><\/figure>\n<\/div>\n<\/div>\n\n\n<h5>Wichtige Stationen meiner Weiterbildung<\/h5>\n<ul>\n<li>2024 TRE Provider Zertifizierung<\/li>\n<li>2018 H\u00f6here Fachpr\u00fcfung Komplement\u00e4rtherapie<\/li>\n<li>2016\/17 Supervisionsausbildung KT, Bekompetent Basel<\/li>\n<li>2011\/12 Training in Gewaltfreier, Ressourcen- und l\u00f6sungsfokussierter Kommunikation, M.Ronzani, Basel<\/li>\n<li>2009 Emotional Freedom Technique,E.F.T.\/ M.E.T. M. Keller Bern<\/li>\n<li>2002-2008 Kommunikation zu Beziehung &#038; Sexualit\u00e4t, CH, A.Lowen, D. Odier .<\/li>\n<li>2001 Deutsche staatliche Psychotherapiepr\u00fcfung, Berlin<\/li>\n<li>2000 Teacher Training Polarity, John Beaulieu<\/li>\n<li>1998 Pr\u00fcfung SVNH f\u00fcr Polarity, Medialit\u00e4t und geistiges Heilen<\/li>\n<li>1997-2003 System-, Struktur- und Familienaufstellungsarbeit, CH\/D Hellinger, Garo, u.a.<\/li>\n<li>1996 Prozessorientierte Psychologie, CH, A. Mindel<\/li>\n<li>1995 Ausbildung in Wassershiathsu, CH,Brunschwiler u.a.<\/li>\n<li>1995 Traumaheilung, CH, Sills<\/li>\n<li>1994 Abschluss Polarity Therapie, CH,Schlumpf, Grieder,Wydler, Beaulieu<\/li>\n<li>1994-2021 Meditation, versch. Heilmethoden, Traumaheilung, Medialit\u00e4t, Yoga, CH\/ D, R. Bonanomi, P.Sommer, T. H\u00fcbl u.a.<\/li>\n<li>1989-94 Familientherapie,Trancearbeit, Klientenzentrierte Gespr\u00e4chsf\u00fchrung, CH, Beaulieu, Schlumpf, Grieder, Wydler<\/li>\n<li>1993 Musik &#038; Klangtherapie, CH, Beaulieu<\/li>\n<li>1988\/89 Klassische Massage, Fussreflexzonen, CH Dreschler<\/li>\n<li>1987\/88 psychologische Astrologie, CH, U. Drescher<\/li>\n<li>1984 Studium moderner Tanz,u.a. Tanzrichtungen<\/li>\n<\/ul>","protected":false},"excerpt":{"rendered":"<p>Komplement\u00e4rtherapeutin Methode Polarity mit eidgen\u00f6ssischem Diplom hfp \/EMR\/ PoVS Supervisorin KT Krankenkassen anerkannt (Komplement\u00e4rtherapie) seit 2002 ZSR-Nummer: U 918761 Ich bin 1965 in der Schweiz geboren, bin verheiratet, Mutter und Grosmutter. Seit dreissig Jahren begleite ich begeistert Menschen Einzeln, als Paar und in Gruppen auf ihrem Lebensweg zu verschiedenen Lebensthemen. Daf\u00fcr setzte ich das Gespr\u00e4ch [&hellip;]<\/p>\n","protected":false},"author":1,"featured_media":0,"parent":0,"menu_order":0,"comment_status":"closed","ping_status":"closed","template":"","meta":{"footnotes":""},"class_list":["post-459","page","type-page","status-publish","hentry"],"yoast_head":"<!-- This site is optimized with the Yoast SEO plugin v27.4 - https:\/\/yoast.com\/product\/yoast-seo-wordpress\/ -->\n<title>\u00dcber mich - Komplement\u00e4rtherapeutin HFP | Supervisorin | Coach<\/title>\n<meta name=\"robots\" content=\"index, follow, max-snippet:-1, max-image-preview:large, max-video-preview:-1\" \/>\n<link rel=\"canonical\" href=\"https:\/\/www.sunahla.ch\/?page_id=459\" \/>\n<meta property=\"og:locale\" content=\"de_DE\" \/>\n<meta property=\"og:type\" content=\"article\" \/>\n<meta property=\"og:title\" content=\"\u00dcber mich - Komplement\u00e4rtherapeutin HFP | Supervisorin | Coach\" \/>\n<meta property=\"og:description\" content=\"Komplement\u00e4rtherapeutin Methode Polarity mit eidgen\u00f6ssischem Diplom hfp \/EMR\/ PoVS Supervisorin KT Krankenkassen anerkannt (Komplement\u00e4rtherapie) seit 2002 ZSR-Nummer: U 918761 Ich bin 1965 in der Schweiz geboren, bin verheiratet, Mutter und Grosmutter. Seit dreissig Jahren begleite ich begeistert Menschen Einzeln, als Paar und in Gruppen auf ihrem Lebensweg zu verschiedenen Lebensthemen. Daf\u00fcr setzte ich das Gespr\u00e4ch [&hellip;]\" \/>\n<meta property=\"og:url\" content=\"https:\/\/www.sunahla.ch\/?page_id=459\" \/>\n<meta property=\"og:site_name\" content=\"Komplement\u00e4rtherapeutin HFP | Supervisorin | Coach\" \/>\n<meta property=\"article:modified_time\" content=\"2025-05-22T21:09:25+00:00\" \/>\n<meta property=\"og:image\" content=\"https:\/\/www.sunahla.ch\/wp-content\/uploads\/2021\/05\/41-Ueber-mich.jpg\" \/>\n\t<meta property=\"og:image:width\" content=\"640\" \/>\n\t<meta property=\"og:image:height\" content=\"426\" \/>\n\t<meta property=\"og:image:type\" content=\"image\/jpeg\" \/>\n<meta name=\"twitter:card\" content=\"summary_large_image\" \/>\n<meta name=\"twitter:label1\" content=\"Gesch\u00e4tzte Lesezeit\" \/>\n\t<meta name=\"twitter:data1\" content=\"2\u00a0Minuten\" \/>\n<script type=\"application\/ld+json\" class=\"yoast-schema-graph\">{\"@context\":\"https:\\\/\\\/schema.org\",\"@graph\":[{\"@type\":\"WebPage\",\"@id\":\"https:\\\/\\\/www.sunahla.ch\\\/?page_id=459\",\"url\":\"https:\\\/\\\/www.sunahla.ch\\\/?page_id=459\",\"name\":\"\u00dcber mich - Komplement\u00e4rtherapeutin HFP | Supervisorin | Coach\",\"isPartOf\":{\"@id\":\"https:\\\/\\\/www.sunahla.ch\\\/#website\"},\"primaryImageOfPage\":{\"@id\":\"https:\\\/\\\/www.sunahla.ch\\\/?page_id=459#primaryimage\"},\"image\":{\"@id\":\"https:\\\/\\\/www.sunahla.ch\\\/?page_id=459#primaryimage\"},\"thumbnailUrl\":\"https:\\\/\\\/sunahla.ch\\\/wp-content\\\/uploads\\\/2021\\\/05\\\/41-Ueber-mich.jpg\",\"datePublished\":\"2021-04-10T05:05:39+00:00\",\"dateModified\":\"2025-05-22T21:09:25+00:00\",\"breadcrumb\":{\"@id\":\"https:\\\/\\\/www.sunahla.ch\\\/?page_id=459#breadcrumb\"},\"inLanguage\":\"de-CH\",\"potentialAction\":[{\"@type\":\"ReadAction\",\"target\":[\"https:\\\/\\\/www.sunahla.ch\\\/?page_id=459\"]}]},{\"@type\":\"ImageObject\",\"inLanguage\":\"de-CH\",\"@id\":\"https:\\\/\\\/www.sunahla.ch\\\/?page_id=459#primaryimage\",\"url\":\"https:\\\/\\\/sunahla.ch\\\/wp-content\\\/uploads\\\/2021\\\/05\\\/41-Ueber-mich.jpg\",\"contentUrl\":\"https:\\\/\\\/sunahla.ch\\\/wp-content\\\/uploads\\\/2021\\\/05\\\/41-Ueber-mich.jpg\"},{\"@type\":\"BreadcrumbList\",\"@id\":\"https:\\\/\\\/www.sunahla.ch\\\/?page_id=459#breadcrumb\",\"itemListElement\":[{\"@type\":\"ListItem\",\"position\":1,\"name\":\"Home\",\"item\":\"https:\\\/\\\/www.sunahla.ch\\\/\"},{\"@type\":\"ListItem\",\"position\":2,\"name\":\"\u00dcber mich\"}]},{\"@type\":\"WebSite\",\"@id\":\"https:\\\/\\\/www.sunahla.ch\\\/#website\",\"url\":\"https:\\\/\\\/www.sunahla.ch\\\/\",\"name\":\"Komplement\u00e4rtherapeutin HFP | Supervisorin | Coach\",\"description\":\"Sunahla Nicole Sthioul | Komplement\u00e4rtherapeutin HFP | Supervisorin | Coach\",\"publisher\":{\"@id\":\"https:\\\/\\\/www.sunahla.ch\\\/#organization\"},\"potentialAction\":[{\"@type\":\"SearchAction\",\"target\":{\"@type\":\"EntryPoint\",\"urlTemplate\":\"https:\\\/\\\/www.sunahla.ch\\\/?s={search_term_string}\"},\"query-input\":{\"@type\":\"PropertyValueSpecification\",\"valueRequired\":true,\"valueName\":\"search_term_string\"}}],\"inLanguage\":\"de-CH\"},{\"@type\":\"Organization\",\"@id\":\"https:\\\/\\\/www.sunahla.ch\\\/#organization\",\"name\":\"Komplement\u00e4rtherapeutin HFP | Supervisorin | Coach\",\"url\":\"https:\\\/\\\/www.sunahla.ch\\\/\",\"logo\":{\"@type\":\"ImageObject\",\"inLanguage\":\"de-CH\",\"@id\":\"https:\\\/\\\/www.sunahla.ch\\\/#\\\/schema\\\/logo\\\/image\\\/\",\"url\":\"https:\\\/\\\/www.sunahla.ch\\\/wp-content\\\/uploads\\\/2021\\\/03\\\/Logo.png\",\"contentUrl\":\"https:\\\/\\\/www.sunahla.ch\\\/wp-content\\\/uploads\\\/2021\\\/03\\\/Logo.png\",\"width\":80,\"height\":80,\"caption\":\"Komplement\u00e4rtherapeutin HFP | Supervisorin | Coach\"},\"image\":{\"@id\":\"https:\\\/\\\/www.sunahla.ch\\\/#\\\/schema\\\/logo\\\/image\\\/\"}}]}<\/script>\n<!-- \/ Yoast SEO plugin. -->","yoast_head_json":{"title":"\u00dcber mich - Komplement\u00e4rtherapeutin HFP | Supervisorin | Coach","robots":{"index":"index","follow":"follow","max-snippet":"max-snippet:-1","max-image-preview":"max-image-preview:large","max-video-preview":"max-video-preview:-1"},"canonical":"https:\/\/www.sunahla.ch\/?page_id=459","og_locale":"de_DE","og_type":"article","og_title":"\u00dcber mich - Komplement\u00e4rtherapeutin HFP | Supervisorin | Coach","og_description":"Komplement\u00e4rtherapeutin Methode Polarity mit eidgen\u00f6ssischem Diplom hfp \/EMR\/ PoVS Supervisorin KT Krankenkassen anerkannt (Komplement\u00e4rtherapie) seit 2002 ZSR-Nummer: U 918761 Ich bin 1965 in der Schweiz geboren, bin verheiratet, Mutter und Grosmutter. Seit dreissig Jahren begleite ich begeistert Menschen Einzeln, als Paar und in Gruppen auf ihrem Lebensweg zu verschiedenen Lebensthemen. Daf\u00fcr setzte ich das Gespr\u00e4ch [&hellip;]","og_url":"https:\/\/www.sunahla.ch\/?page_id=459","og_site_name":"Komplement\u00e4rtherapeutin HFP | Supervisorin | Coach","article_modified_time":"2025-05-22T21:09:25+00:00","og_image":[{"width":640,"height":426,"url":"https:\/\/www.sunahla.ch\/wp-content\/uploads\/2021\/05\/41-Ueber-mich.jpg","type":"image\/jpeg"}],"twitter_card":"summary_large_image","twitter_misc":{"Gesch\u00e4tzte Lesezeit":"2\u00a0Minuten"},"schema":{"@context":"https:\/\/schema.org","@graph":[{"@type":"WebPage","@id":"https:\/\/www.sunahla.ch\/?page_id=459","url":"https:\/\/www.sunahla.ch\/?page_id=459","name":"\u00dcber mich - Komplement\u00e4rtherapeutin HFP | Supervisorin | Coach","isPartOf":{"@id":"https:\/\/www.sunahla.ch\/#website"},"primaryImageOfPage":{"@id":"https:\/\/www.sunahla.ch\/?page_id=459#primaryimage"},"image":{"@id":"https:\/\/www.sunahla.ch\/?page_id=459#primaryimage"},"thumbnailUrl":"https:\/\/sunahla.ch\/wp-content\/uploads\/2021\/05\/41-Ueber-mich.jpg","datePublished":"2021-04-10T05:05:39+00:00","dateModified":"2025-05-22T21:09:25+00:00","breadcrumb":{"@id":"https:\/\/www.sunahla.ch\/?page_id=459#breadcrumb"},"inLanguage":"de-CH","potentialAction":[{"@type":"ReadAction","target":["https:\/\/www.sunahla.ch\/?page_id=459"]}]},{"@type":"ImageObject","inLanguage":"de-CH","@id":"https:\/\/www.sunahla.ch\/?page_id=459#primaryimage","url":"https:\/\/sunahla.ch\/wp-content\/uploads\/2021\/05\/41-Ueber-mich.jpg","contentUrl":"https:\/\/sunahla.ch\/wp-content\/uploads\/2021\/05\/41-Ueber-mich.jpg"},{"@type":"BreadcrumbList","@id":"https:\/\/www.sunahla.ch\/?page_id=459#breadcrumb","itemListElement":[{"@type":"ListItem","position":1,"name":"Home","item":"https:\/\/www.sunahla.ch\/"},{"@type":"ListItem","position":2,"name":"\u00dcber mich"}]},{"@type":"WebSite","@id":"https:\/\/www.sunahla.ch\/#website","url":"https:\/\/www.sunahla.ch\/","name":"Komplement\u00e4rtherapeutin HFP | Supervisorin | Coach","description":"Sunahla Nicole Sthioul | Komplement\u00e4rtherapeutin HFP | Supervisorin | Coach","publisher":{"@id":"https:\/\/www.sunahla.ch\/#organization"},"potentialAction":[{"@type":"SearchAction","target":{"@type":"EntryPoint","urlTemplate":"https:\/\/www.sunahla.ch\/?s={search_term_string}"},"query-input":{"@type":"PropertyValueSpecification","valueRequired":true,"valueName":"search_term_string"}}],"inLanguage":"de-CH"},{"@type":"Organization","@id":"https:\/\/www.sunahla.ch\/#organization","name":"Komplement\u00e4rtherapeutin HFP | Supervisorin | Coach","url":"https:\/\/www.sunahla.ch\/","logo":{"@type":"ImageObject","inLanguage":"de-CH","@id":"https:\/\/www.sunahla.ch\/#\/schema\/logo\/image\/","url":"https:\/\/www.sunahla.ch\/wp-content\/uploads\/2021\/03\/Logo.png","contentUrl":"https:\/\/www.sunahla.ch\/wp-content\/uploads\/2021\/03\/Logo.png","width":80,"height":80,"caption":"Komplement\u00e4rtherapeutin HFP | Supervisorin | Coach"},"image":{"@id":"https:\/\/www.sunahla.ch\/#\/schema\/logo\/image\/"}}]}},"_links":{"self":[{"href":"https:\/\/www.sunahla.ch\/index.php?rest_route=\/wp\/v2\/pages\/459","targetHints":{"allow":["GET"]}}],"collection":[{"href":"https:\/\/www.sunahla.ch\/index.php?rest_route=\/wp\/v2\/pages"}],"about":[{"href":"https:\/\/www.sunahla.ch\/index.php?rest_route=\/wp\/v2\/types\/page"}],"author":[{"embeddable":true,"href":"https:\/\/www.sunahla.ch\/index.php?rest_route=\/wp\/v2\/users\/1"}],"replies":[{"embeddable":true,"href":"https:\/\/www.sunahla.ch\/index.php?rest_route=%2Fwp%2Fv2%2Fcomments&post=459"}],"version-history":[{"count":19,"href":"https:\/\/www.sunahla.ch\/index.php?rest_route=\/wp\/v2\/pages\/459\/revisions"}],"predecessor-version":[{"id":1754,"href":"https:\/\/www.sunahla.ch\/index.php?rest_route=\/wp\/v2\/pages\/459\/revisions\/1754"}],"wp:attachment":[{"href":"https:\/\/www.sunahla.ch\/index.php?rest_route=%2Fwp%2Fv2%2Fmedia&parent=459"}],"curies":[{"name":"wp","href":"https:\/\/api.w.org\/{rel}","templated":true}]}}