{"id":1666,"date":"2024-05-07T12:49:48","date_gmt":"2024-05-07T10:49:48","guid":{"rendered":"https:\/\/www.sunahla.ch\/?page_id=1666"},"modified":"2026-01-24T11:04:05","modified_gmt":"2026-01-24T10:04:05","slug":"tre-trauma-releasing-exercices","status":"publish","type":"page","link":"https:\/\/www.sunahla.ch\/?page_id=1666","title":{"rendered":"TRE-Trauma Releasing Exercices"},"content":{"rendered":"<h1><span id=\"wpaicg-chat-message-64600\" class=\"wpaicg-chat-message\"><strong>TRE -Tension &amp; Trauma Releasing Exercises<\/strong><\/span><\/h1>\n<p><span id=\"wpaicg-chat-message-64600\" class=\"wpaicg-chat-message\">TRE bedeutet auf Deutsch &#171;\u00dcbungen zur L\u00f6sung von Spannungen und Traumata&#187; &#8211; oder <strong>Neurogenes Zittern,<\/strong> bedeutet. Es handelt sich um eine Serie von einfachen \u00dcbungen, die entwickelt wurden, um dem K\u00f6rper zu helfen, tiefe muskul\u00e4re Muster von Stress, Spannung und Trauma zu l\u00f6sen. Die Methode wurde von Dr. David Berceli entwickelt, einem international anerkannten Traumaexperten.<\/span><\/p>\n<p>TRE basiert auf der Pr\u00e4misse, dass Stress- und Traumaerfahrungen nicht nur psychologische, sondern auch physische Auswirkungen haben, da sie sich in der K\u00f6rpermuskulatur festsetzen k\u00f6nnen. Die \u00dcbungen zielen darauf ab, diese muskul\u00e4ren Verspannungen zu aktivieren und in einer kontrollierten und sicheren Umgebung freizusetzen. Dies geschieht durch das Ausl\u00f6sen eines nat\u00fcrlichen Zittermechanismus des K\u00f6rpers, der als neurogene Muskelzittern bekannt ist. Dieser Mechanismus ist eine nat\u00fcrliche Reaktion des K\u00f6rpers, die dazu dient, das Nervensystem zu beruhigen und den K\u00f6rper zur\u00fcck in einen Zustand der Balance zu bringen.<\/p>\n<p>Ich vermittle TRE als Selbsthilfetool Einzeln und in Gruppen.<\/p>\n<h4><strong>Release &amp; Reset in Ins<\/strong><\/h4>\n<p>07.-10. Mai 2026<\/p>\n<p><em>Ein achtsames T.R.E.-Wochenende f\u00fcr innere Ruhe &amp; Selbstverbundenheit<\/em><\/p>\n<p><strong>Mit Lisa Engelberger und Sunahla Sthioul<\/strong><\/p>\n<p>Donnerstagabend \u2013 Sonntagmittag | Ins | Vollverpflegung | <a href=\"https:\/\/inslot.ch\/insretreat\/#Infrastruktur\">Wundersch\u00f6ne Unterkunft<\/a><\/p>\n<p>&nbsp;<\/p>\n<p><img loading=\"lazy\" decoding=\"async\" class=\"alignnone size-medium wp-image-1668\" src=\"https:\/\/www.sunahla.ch\/wp-content\/uploads\/2024\/05\/Switzerland_Sunahla-Nicole-Sthioul-300x212.jpg\" alt=\"\" width=\"300\" height=\"212\" srcset=\"https:\/\/www.sunahla.ch\/wp-content\/uploads\/2024\/05\/Switzerland_Sunahla-Nicole-Sthioul-300x212.jpg 300w, https:\/\/www.sunahla.ch\/wp-content\/uploads\/2024\/05\/Switzerland_Sunahla-Nicole-Sthioul-1024x724.jpg 1024w, https:\/\/www.sunahla.ch\/wp-content\/uploads\/2024\/05\/Switzerland_Sunahla-Nicole-Sthioul-768x543.jpg 768w, https:\/\/www.sunahla.ch\/wp-content\/uploads\/2024\/05\/Switzerland_Sunahla-Nicole-Sthioul-1536x1086.jpg 1536w, https:\/\/www.sunahla.ch\/wp-content\/uploads\/2024\/05\/Switzerland_Sunahla-Nicole-Sthioul-1200x848.jpg 1200w, https:\/\/www.sunahla.ch\/wp-content\/uploads\/2024\/05\/Switzerland_Sunahla-Nicole-Sthioul-1980x1400.jpg 1980w, https:\/\/www.sunahla.ch\/wp-content\/uploads\/2024\/05\/Switzerland_Sunahla-Nicole-Sthioul.jpg 2000w\" sizes=\"auto, (max-width: 300px) 100vw, 300px\" \/><\/p>\n","protected":false},"excerpt":{"rendered":"<p>TRE -Tension &amp; Trauma Releasing Exercises TRE bedeutet auf Deutsch &#171;\u00dcbungen zur L\u00f6sung von Spannungen und Traumata&#187; &#8211; oder Neurogenes Zittern, bedeutet. Es handelt sich um eine Serie von einfachen \u00dcbungen, die entwickelt wurden, um dem K\u00f6rper zu helfen, tiefe muskul\u00e4re Muster von Stress, Spannung und Trauma zu l\u00f6sen. Die Methode wurde von Dr. David [&hellip;]<\/p>\n","protected":false},"author":1,"featured_media":0,"parent":0,"menu_order":0,"comment_status":"closed","ping_status":"closed","template":"","meta":{"footnotes":""},"class_list":["post-1666","page","type-page","status-publish","hentry"],"yoast_head":"<!-- This site is optimized with the Yoast SEO plugin v27.4 - https:\/\/yoast.com\/product\/yoast-seo-wordpress\/ -->\n<title>TRE-Trauma Releasing Exercices - Komplement\u00e4rtherapeutin HFP | Supervisorin | Coach<\/title>\n<meta name=\"description\" content=\"TRE-Trauma Releasing Exercice Neurogenes Zittern Traumatherapie Traumaaufl\u00f6sung Trauma Stressreduktion Burnout prophylaxe Ins Bern Basel\" \/>\n<meta name=\"robots\" content=\"index, follow, max-snippet:-1, max-image-preview:large, max-video-preview:-1\" \/>\n<link rel=\"canonical\" href=\"https:\/\/www.sunahla.ch\/?page_id=1666\" \/>\n<meta property=\"og:locale\" content=\"de_DE\" \/>\n<meta property=\"og:type\" content=\"article\" \/>\n<meta property=\"og:title\" content=\"TRE-Trauma Releasing Exercices - Komplement\u00e4rtherapeutin HFP | Supervisorin | Coach\" \/>\n<meta property=\"og:description\" content=\"TRE-Trauma Releasing Exercice Neurogenes Zittern Traumatherapie Traumaaufl\u00f6sung Trauma Stressreduktion Burnout prophylaxe Ins Bern Basel\" \/>\n<meta property=\"og:url\" content=\"https:\/\/www.sunahla.ch\/?page_id=1666\" \/>\n<meta property=\"og:site_name\" content=\"Komplement\u00e4rtherapeutin HFP | Supervisorin | Coach\" \/>\n<meta property=\"article:modified_time\" content=\"2026-01-24T10:04:05+00:00\" \/>\n<meta property=\"og:image\" content=\"https:\/\/www.sunahla.ch\/wp-content\/uploads\/2024\/05\/Switzerland_Sunahla-Nicole-Sthioul.jpg\" \/>\n\t<meta property=\"og:image:width\" content=\"2000\" \/>\n\t<meta property=\"og:image:height\" content=\"1414\" \/>\n\t<meta property=\"og:image:type\" content=\"image\/jpeg\" \/>\n<meta name=\"twitter:card\" content=\"summary_large_image\" \/>\n<meta name=\"twitter:label1\" content=\"Gesch\u00e4tzte Lesezeit\" \/>\n\t<meta name=\"twitter:data1\" content=\"2\u00a0Minuten\" \/>\n<script type=\"application\/ld+json\" class=\"yoast-schema-graph\">{\"@context\":\"https:\\\/\\\/schema.org\",\"@graph\":[{\"@type\":\"WebPage\",\"@id\":\"https:\\\/\\\/www.sunahla.ch\\\/?page_id=1666\",\"url\":\"https:\\\/\\\/www.sunahla.ch\\\/?page_id=1666\",\"name\":\"TRE-Trauma Releasing Exercices - Komplement\u00e4rtherapeutin HFP | Supervisorin | Coach\",\"isPartOf\":{\"@id\":\"https:\\\/\\\/www.sunahla.ch\\\/#website\"},\"primaryImageOfPage\":{\"@id\":\"https:\\\/\\\/www.sunahla.ch\\\/?page_id=1666#primaryimage\"},\"image\":{\"@id\":\"https:\\\/\\\/www.sunahla.ch\\\/?page_id=1666#primaryimage\"},\"thumbnailUrl\":\"https:\\\/\\\/www.sunahla.ch\\\/wp-content\\\/uploads\\\/2024\\\/05\\\/Switzerland_Sunahla-Nicole-Sthioul-300x212.jpg\",\"datePublished\":\"2024-05-07T10:49:48+00:00\",\"dateModified\":\"2026-01-24T10:04:05+00:00\",\"description\":\"TRE-Trauma Releasing Exercice Neurogenes Zittern Traumatherapie Traumaaufl\u00f6sung Trauma Stressreduktion Burnout prophylaxe Ins Bern Basel\",\"breadcrumb\":{\"@id\":\"https:\\\/\\\/www.sunahla.ch\\\/?page_id=1666#breadcrumb\"},\"inLanguage\":\"de-CH\",\"potentialAction\":[{\"@type\":\"ReadAction\",\"target\":[\"https:\\\/\\\/www.sunahla.ch\\\/?page_id=1666\"]}]},{\"@type\":\"ImageObject\",\"inLanguage\":\"de-CH\",\"@id\":\"https:\\\/\\\/www.sunahla.ch\\\/?page_id=1666#primaryimage\",\"url\":\"https:\\\/\\\/www.sunahla.ch\\\/wp-content\\\/uploads\\\/2024\\\/05\\\/Switzerland_Sunahla-Nicole-Sthioul.jpg\",\"contentUrl\":\"https:\\\/\\\/www.sunahla.ch\\\/wp-content\\\/uploads\\\/2024\\\/05\\\/Switzerland_Sunahla-Nicole-Sthioul.jpg\",\"width\":2000,\"height\":1414},{\"@type\":\"BreadcrumbList\",\"@id\":\"https:\\\/\\\/www.sunahla.ch\\\/?page_id=1666#breadcrumb\",\"itemListElement\":[{\"@type\":\"ListItem\",\"position\":1,\"name\":\"Home\",\"item\":\"https:\\\/\\\/www.sunahla.ch\\\/\"},{\"@type\":\"ListItem\",\"position\":2,\"name\":\"TRE-Trauma Releasing Exercices\"}]},{\"@type\":\"WebSite\",\"@id\":\"https:\\\/\\\/www.sunahla.ch\\\/#website\",\"url\":\"https:\\\/\\\/www.sunahla.ch\\\/\",\"name\":\"Komplement\u00e4rtherapeutin HFP | Supervisorin | Coach\",\"description\":\"Sunahla Nicole Sthioul | Komplement\u00e4rtherapeutin HFP | Supervisorin | Coach\",\"publisher\":{\"@id\":\"https:\\\/\\\/www.sunahla.ch\\\/#organization\"},\"potentialAction\":[{\"@type\":\"SearchAction\",\"target\":{\"@type\":\"EntryPoint\",\"urlTemplate\":\"https:\\\/\\\/www.sunahla.ch\\\/?s={search_term_string}\"},\"query-input\":{\"@type\":\"PropertyValueSpecification\",\"valueRequired\":true,\"valueName\":\"search_term_string\"}}],\"inLanguage\":\"de-CH\"},{\"@type\":\"Organization\",\"@id\":\"https:\\\/\\\/www.sunahla.ch\\\/#organization\",\"name\":\"Komplement\u00e4rtherapeutin HFP | Supervisorin | Coach\",\"url\":\"https:\\\/\\\/www.sunahla.ch\\\/\",\"logo\":{\"@type\":\"ImageObject\",\"inLanguage\":\"de-CH\",\"@id\":\"https:\\\/\\\/www.sunahla.ch\\\/#\\\/schema\\\/logo\\\/image\\\/\",\"url\":\"https:\\\/\\\/www.sunahla.ch\\\/wp-content\\\/uploads\\\/2021\\\/03\\\/Logo.png\",\"contentUrl\":\"https:\\\/\\\/www.sunahla.ch\\\/wp-content\\\/uploads\\\/2021\\\/03\\\/Logo.png\",\"width\":80,\"height\":80,\"caption\":\"Komplement\u00e4rtherapeutin HFP | Supervisorin | Coach\"},\"image\":{\"@id\":\"https:\\\/\\\/www.sunahla.ch\\\/#\\\/schema\\\/logo\\\/image\\\/\"}}]}<\/script>\n<!-- \/ Yoast SEO plugin. -->","yoast_head_json":{"title":"TRE-Trauma Releasing Exercices - Komplement\u00e4rtherapeutin HFP | Supervisorin | Coach","description":"TRE-Trauma Releasing Exercice Neurogenes Zittern Traumatherapie Traumaaufl\u00f6sung Trauma Stressreduktion Burnout prophylaxe Ins Bern Basel","robots":{"index":"index","follow":"follow","max-snippet":"max-snippet:-1","max-image-preview":"max-image-preview:large","max-video-preview":"max-video-preview:-1"},"canonical":"https:\/\/www.sunahla.ch\/?page_id=1666","og_locale":"de_DE","og_type":"article","og_title":"TRE-Trauma Releasing Exercices - Komplement\u00e4rtherapeutin HFP | Supervisorin | Coach","og_description":"TRE-Trauma Releasing Exercice Neurogenes Zittern Traumatherapie Traumaaufl\u00f6sung Trauma Stressreduktion Burnout prophylaxe Ins Bern Basel","og_url":"https:\/\/www.sunahla.ch\/?page_id=1666","og_site_name":"Komplement\u00e4rtherapeutin HFP | Supervisorin | Coach","article_modified_time":"2026-01-24T10:04:05+00:00","og_image":[{"width":2000,"height":1414,"url":"https:\/\/www.sunahla.ch\/wp-content\/uploads\/2024\/05\/Switzerland_Sunahla-Nicole-Sthioul.jpg","type":"image\/jpeg"}],"twitter_card":"summary_large_image","twitter_misc":{"Gesch\u00e4tzte Lesezeit":"2\u00a0Minuten"},"schema":{"@context":"https:\/\/schema.org","@graph":[{"@type":"WebPage","@id":"https:\/\/www.sunahla.ch\/?page_id=1666","url":"https:\/\/www.sunahla.ch\/?page_id=1666","name":"TRE-Trauma Releasing Exercices - Komplement\u00e4rtherapeutin HFP | Supervisorin | Coach","isPartOf":{"@id":"https:\/\/www.sunahla.ch\/#website"},"primaryImageOfPage":{"@id":"https:\/\/www.sunahla.ch\/?page_id=1666#primaryimage"},"image":{"@id":"https:\/\/www.sunahla.ch\/?page_id=1666#primaryimage"},"thumbnailUrl":"https:\/\/www.sunahla.ch\/wp-content\/uploads\/2024\/05\/Switzerland_Sunahla-Nicole-Sthioul-300x212.jpg","datePublished":"2024-05-07T10:49:48+00:00","dateModified":"2026-01-24T10:04:05+00:00","description":"TRE-Trauma Releasing Exercice Neurogenes Zittern Traumatherapie Traumaaufl\u00f6sung Trauma Stressreduktion Burnout prophylaxe Ins Bern Basel","breadcrumb":{"@id":"https:\/\/www.sunahla.ch\/?page_id=1666#breadcrumb"},"inLanguage":"de-CH","potentialAction":[{"@type":"ReadAction","target":["https:\/\/www.sunahla.ch\/?page_id=1666"]}]},{"@type":"ImageObject","inLanguage":"de-CH","@id":"https:\/\/www.sunahla.ch\/?page_id=1666#primaryimage","url":"https:\/\/www.sunahla.ch\/wp-content\/uploads\/2024\/05\/Switzerland_Sunahla-Nicole-Sthioul.jpg","contentUrl":"https:\/\/www.sunahla.ch\/wp-content\/uploads\/2024\/05\/Switzerland_Sunahla-Nicole-Sthioul.jpg","width":2000,"height":1414},{"@type":"BreadcrumbList","@id":"https:\/\/www.sunahla.ch\/?page_id=1666#breadcrumb","itemListElement":[{"@type":"ListItem","position":1,"name":"Home","item":"https:\/\/www.sunahla.ch\/"},{"@type":"ListItem","position":2,"name":"TRE-Trauma Releasing Exercices"}]},{"@type":"WebSite","@id":"https:\/\/www.sunahla.ch\/#website","url":"https:\/\/www.sunahla.ch\/","name":"Komplement\u00e4rtherapeutin HFP | Supervisorin | Coach","description":"Sunahla Nicole Sthioul | Komplement\u00e4rtherapeutin HFP | Supervisorin | Coach","publisher":{"@id":"https:\/\/www.sunahla.ch\/#organization"},"potentialAction":[{"@type":"SearchAction","target":{"@type":"EntryPoint","urlTemplate":"https:\/\/www.sunahla.ch\/?s={search_term_string}"},"query-input":{"@type":"PropertyValueSpecification","valueRequired":true,"valueName":"search_term_string"}}],"inLanguage":"de-CH"},{"@type":"Organization","@id":"https:\/\/www.sunahla.ch\/#organization","name":"Komplement\u00e4rtherapeutin HFP | Supervisorin | Coach","url":"https:\/\/www.sunahla.ch\/","logo":{"@type":"ImageObject","inLanguage":"de-CH","@id":"https:\/\/www.sunahla.ch\/#\/schema\/logo\/image\/","url":"https:\/\/www.sunahla.ch\/wp-content\/uploads\/2021\/03\/Logo.png","contentUrl":"https:\/\/www.sunahla.ch\/wp-content\/uploads\/2021\/03\/Logo.png","width":80,"height":80,"caption":"Komplement\u00e4rtherapeutin HFP | Supervisorin | Coach"},"image":{"@id":"https:\/\/www.sunahla.ch\/#\/schema\/logo\/image\/"}}]}},"_links":{"self":[{"href":"https:\/\/www.sunahla.ch\/index.php?rest_route=\/wp\/v2\/pages\/1666","targetHints":{"allow":["GET"]}}],"collection":[{"href":"https:\/\/www.sunahla.ch\/index.php?rest_route=\/wp\/v2\/pages"}],"about":[{"href":"https:\/\/www.sunahla.ch\/index.php?rest_route=\/wp\/v2\/types\/page"}],"author":[{"embeddable":true,"href":"https:\/\/www.sunahla.ch\/index.php?rest_route=\/wp\/v2\/users\/1"}],"replies":[{"embeddable":true,"href":"https:\/\/www.sunahla.ch\/index.php?rest_route=%2Fwp%2Fv2%2Fcomments&post=1666"}],"version-history":[{"count":8,"href":"https:\/\/www.sunahla.ch\/index.php?rest_route=\/wp\/v2\/pages\/1666\/revisions"}],"predecessor-version":[{"id":1822,"href":"https:\/\/www.sunahla.ch\/index.php?rest_route=\/wp\/v2\/pages\/1666\/revisions\/1822"}],"wp:attachment":[{"href":"https:\/\/www.sunahla.ch\/index.php?rest_route=%2Fwp%2Fv2%2Fmedia&parent=1666"}],"curies":[{"name":"wp","href":"https:\/\/api.w.org\/{rel}","templated":true}]}}